**2 - 7 - w**2 - 4*w**2 + 2*w**2. Give v(0).
-7
Suppose 0 = -8*r + 3*r. Suppose r = 3*g - 1 - 2. Let z(f) = -3*f**2 - 1. Determine z(g).
-4
Let a(o) = -o**2 + o + 11 + 0*o**2 - 6. Suppose -u + 0*u + 6 = 0. Let r be u/8 - 9/12. Calculate a(r).
5
Let x(f) = 3*f**3 - 12*f**2 - 21*f - 19. Let y(g) = 3*g + 0*g**2 - 9 - 11*g + g**3 - 6*g**2 - 2*g. Let w(c) = 2*x(c) - 5*y(c). What is w(-5)?
-8
Suppose 20 = -4*x + 8*x. Let y(m) = -m**2 + 6*m - 3. Calculate y(x).
2
Let j(o) = 10*o - 32. Let d be j(3). Let v(u) = -u**2 - 2*u. Determine v(d).
0
Let l(r) be the first derivative of 1/4*r**4 + 5*r - 5/3*r**3 - 9 - r**2. What is l(5)?
-5
Let a(c) = -c**3 + 5*c**2 + 8*c. Let p = 2 - -4. Calculate a(p).
12
Suppose -17 = -m + 4*w, 1 - 3 = 2*m + 4*w. Let k(g) = 13*g**2 + 3*g - 4. Let v(y) = -7*y**2 - 2*y + 2. Let c(x) = -6*k(x) - 11*v(x). Determine c(m).
-3
Let f be ((-13)/2 - -2)*-2. Suppose -5*y - 1 - f = 0. Let j be (-1 + -1)*(-3)/y. Let k(i) = i. Determine k(j).
-3
Let c = 16 + -15. Let q be 4/3*12/8. Let d be q - (c/(-1) - -2). Let o(z) = 5*z. Calculate o(d).
5
Let c(b) = -b + 5. Let z be c(0). Suppose -2*t - 3 + 7 = 2*r, 2*r - z*t = -10. Suppose r = i + 5 - 0. Let l(q) = -q**3 - 5*q**2 + q + 3. What is l(i)?
-2
Let s(v) = -v**3 + 3*v**2 + 3*v - 3. Let k(d) = d**3 - d**2 + d + 3. Let x be k(0). Suppose 2*u - 17 = -5. Suppose -x*m - 9 = -u*m. What is s(m)?
6
Let n = -6 + 8. Suppose 3*c + 9 = c + 5*g, -n*c + 21 = 5*g. Let j(k) = 0 + 0 + 5*k**c - k**2 + 1. Determine j(1).
5
Let b(c) = c**3 + 5*c**2 + 3*c + 2. Let t(n) = 1. Let z(k) = -b(k) + 5*t(k). Determine z(-4).
-1
Suppose -5*p + 4*k = -56, -3*p + 2*k + 24 = -8. Let h(w) = -w**2 + 9*w. Determine h(p).
8
Suppose -1 = 3*k + 2. Let b = 1 - k. Let h(y) = -y**3 + 0 + y + 0*y + 1 + 1. Give h(b).
-4
Let s(x) be the third derivative of x**7/420 - x**6/180 + x**4/24 + 5*x**3/6 + 3*x**2. Let w(j) be the first derivative of s(j). Calculate w(-1).
-3
Suppose 0 = -0*i - 3*i - 15. Suppose 0 = -2*k + k. Let m(c) = 23*c + k*c**2 + c**2 - 17*c. Determine m(i).
-5
Let w be 2/((-4)/(-6)) - 1. Let f(a) = a + 15*a**w + 0*a - 14*a**2 - 1. Calculate f(3).
11
Let c(o) = o - 12. Let r = 63 + -63. Give c(r).
-12
Let u(p) = -p. Let k(a) = 6*a + 4. Let m(i) = k(i) + 4*u(i). Let o = 5 - 9. Calculate m(o).
-4
Let f = -1 - 1. Let u(d) = -4*d - 2. What is u(f)?
6
Let u be 1/(-3*2/(-12)). Let k(p) = -p - 4*p - p + 4*p + 5*p**u + 1. Give k(1).
4
Let y(l) = -l**3 - 6*l**2 - 2*l - 3. Let j(p) = p - 26. Let o be j(20). Calculate y(o).
9
Let v(f) = f - f**2 + 2 + 2 - 2*f. Let t = 10 - 14. Calculate v(t).
-8
Let q = 2 + 1. Let f(z) = -z**3 - 3*z**q + 2*z**3 + z + z**3. Calculate f(1).
0
Let z(w) = 5*w**3 + 4*w**2 + 8*w + 1. Let n(i) = -i**3 - i**2 - i. Let o(h) = -6*n(h) - z(h). What is o(-3)?
-4
Suppose -96 + 94 = -s. Let g(b) = b + 1. Let h(r) = r**2 - r - 3. Let i(n) = 3*g(n) + h(n). Determine i(s).
8
Let b(s) = -s + 1. Suppose -5*u = -24 - 41. Suppose 5*t + 2*x = t + 8, u = 3*t + 5*x. Let q be (-2 + -1)*-1*t. Calculate b(q).
-2
Suppose -5*n - 57 = -17. Let j = -12 - n. Let z(x) = -x + 1. Let h(g) = g - 4. Let l(i) = -h(i) - 3*z(i). Give l(j).
-7
Let p(d) = -d**3 + 7*d**2 - 7*d + 6. Let w(a) = a**3 + a**2 + a + 6. Let t be w(0). Calculate p(t).
0
Let j(n) = 5*n - 38 - n**2 + 3*n + 30. Determine j(6).
4
Let l be (2 - 1)/(-1) - -10. Let i = 21 - l. Suppose -5*z + 2*t + i = -2*z, 15 = -5*t. Let n(u) = -2*u**2 + u + 2. Give n(z).
-4
Let s(y) = -y**3 - 2*y**2 + 3*y + 2. Suppose -3*g + 4*x = 8 + 6, 4*x - 20 = 0. Let k be 5 + -10 + g/1. Determine s(k).
2
Let c(l) be the first derivative of -l**4/4 - 4*l**3/3 + l + 11. Let h(d) = -d - 2. Let o be h(2). What is c(o)?
1
Let s(b) = 15*b**3 - 2*b**2 - 6*b + 7. Let f(v) = -30*v**3 + 4*v**2 + 13*v - 15. Let t(j) = 6*f(j) + 13*s(j). What is t(1)?
14
Let z(v) = v**2 - 5*v + 4. Let k = -17 + 20. What is z(k)?
-2
Let u(f) = 2*f + 10. Suppose -3*t = 2*t - 20. Let l be (4 + -2)/t*-14. Give u(l).
-4
Let v(k) = 2*k + 1. Let c(i) = -9*i - 5. Let j(w) = -c(w) - 2*v(w). Give j(-2).
-7
Let c = -8 + 5. Let w(q) be the second derivative of q**3/6 - q**2/2 + 6*q. Determine w(c).
-4
Let l(v) be the second derivative of -2*v**3/3 + 2*v**2 - 2*v. Suppose -4*k + 10 = -2. Determine l(k).
-8
Suppose 2*x - 3 = 5. Suppose 5*u = -0*w + 2*w + 6, -2 = -x*w + 3*u. Let y(c) = -2 + 5 - 2 - 3*c + w*c. Calculate y(2).
-1
Let i(j) = -15*j**3 + j**2 - 14*j - 25. Let d(g) = 7*g**3 + 7*g + 12. Let x(y) = -13*d(y) - 6*i(y). Let z(m) = m - 14. Let s be z(10). Calculate x(s).
-10
Let g(b) = 4*b - 2*b + b**3 - b + 6*b**2 - 1. Let l = -10 + 2. Let n be (l - 0)*(-18)/(-24). Calculate g(n).
-7
Let v = -11 + 13. Let r(b) = -v*b - b + 5*b - 12 - 3*b. Give r(0).
-12
Suppose 12 = 2*a + 2*a + s, 4 = 4*a - s. Suppose -4*z + 7 = -4*k + z, a*z + 14 = -4*k. Let d(x) = x + 4. Give d(k).
1
Suppose 0 = 2*p + 5*y - 45, -2*p + 30 = 2*y - 24. Suppose -6*n + p = -n. Let x = 4 - n. Let m(i) = -2*i**2 - 1. Calculate m(x).
-9
Let o(b) = b**3 + b**2 + 1 + 3*b**2 - b - 4*b. What is o(-5)?
1
Let n be 19/7 + 2/7. Let v(m) be the second derivative of m**4/12 - m**3/2 + 3*m**2/2 + 30*m. Determine v(n).
3
Let n be (0 + 0)*-1 + 3. Let y(d) = d**3 - d**2 - d - 3. Determine y(n).
12
Suppose -y = 3*l - 11, -l + 10 = 5. Let p(o) = 2*o - 4. Determine p(y).
-12
Suppose -7*l - 3 = -4*l. Let z = 4 + 2. Let w(v) = -2*v**2 + z*v**2 - 6*v**2. Calculate w(l).
-2
Suppose -3*w + 0 = -3. Let k be (1/w)/(1/3). Suppose k*r = -3*a - a - 22, -4*r - 3*a = 20. Let f(t) = -3*t - 3. Determine f(r).
3
Suppose -4*g = -3*f - 10, 6*g - 3*g = -3*f + 18. Suppose -16 = f*w - 4*r, w + w - 24 = -4*r. Let s(u) = -2*u - 4*u + 2*u + 5 - 3 + 3*u**2. What is s(w)?
6
Let l(b) = b**3 + b**2 - b + 2. Let i be (-4 + 4)/(2 + -1). Suppose -x - 4 = 0, 5*z + 5*x + i*x + 20 = 0. Let f be 2*2/(-2) + z. What is l(f)?
0
Let t(z) = -7*z**2 - z. Suppose -3*s - 3 = -3*v, 2*s = 4*v - 1 - 3. Suppose 2*h = 5*f - 1, s = -f - 4*f + h - 2. Calculate t(f).
-6
Let n(z) = 3 - 3 + 1 + z - 4*z**2. Determine n(-1).
-4
Suppose 0*t = 3*t + 6. Suppose 2*w = -3*y - 2*y - 12, 4*y + 3*w = -4. Let c = y - t. Let q(v) = -3*v - 2. Determine q(c).
4
Let m(q) = q**3 + 5*q**2 + q + 4. Let t be 1/(-5)*(-5 + 0). Suppose c = -d - 9, d = c - 0 - t. Calculate m(d).
-1
Let l(v) = -4*v + 1. Let n(m) = m - 5. Let p be (-6)/((-4)/((-8)/(-3))). Let a be n(p). Determine l(a).
5
Let x = -15 - -10. Let g(p) = -p - 2. Calculate g(x).
3
Let s(j) be the second derivative of -j**6/360 - j**5/20 + j**4/6 + j. Let d(q) be the third derivative of s(q). Calculate d(-4).
2
Let m be 2/((2/5)/((-8)/(-20))). Let j(w) be the third derivative of -3*w**m + 1/6*w**3 - 1/120*w**6 + 0*w + 0 + 0*w**5 + 1/12*w**4. Determine j(-1).
0
Suppose 3*w - 40 = 3*b + 2, -3*w + 26 = b. Let h = 16 - w. Let p(z) = -z + h*z + 16*z**2 - 17*z**2. Give p(4).
4
Let k(t) be the first derivative of t**3/3 - 2*t**2 + 2. What is k(4)?
0
Let a(l) = l**3 - 2*l. Let n be a(2). Let f(h) = n*h - 6*h - 2*h + h. Determine f(-1).
3
Suppose 3*l - 4*l - 1 = 0. Let f(k) be the third derivative of -7*k**4/24 - k**3/6 + 8*k**2. What is f(l)?
6
Let k(r) = -3*r**2 + 2*r - 3. Let p(j) = -2*j**2 + 2*j - 4. Let h(q) = -5*k(q) + 4*p(q). Calculate h(-1).
8
Let c(w) be the first derivative of w**4/6 + w**3/2 + w**2 + 2*w + 2. Let g(m) be the first derivative of c(m). Let p be (-8)/(-20) - 24/10. Give g(p).
4
Let s be 0/(0 + (3 - 6)). Let n(o) be the third derivative of o**5/60 + o**3 + 2*o**2. What is n(s)?
6
Let f(c) = -8*c + 3. Let y(k) = 33*k - 12. Let w(v) = 21*f(v) + 5*y(v). What is w(3)?
-6
Let s(k) = k**2 - 3*k - 4. Let b(q) = q**3 + 5*q**2 + 3*q. Let f be b(-4). What is s(f)?
0
Let t(n) = 2*n**3. Let a be t(-1). Let y(l) be the first derivative of l**5/30 + l**3/3 - 1. Let w(j) be the third derivative of y(j). Give w(a).
-8
Let v = -5 + 1. Let h(m) = -2 - 2 + 10*m - 12*m. Calculate h(v).
4
Let d be (-3)/4*(-3 - 1). Let l(w) = d*w - 6*w**2 - w**2 + 6*w**2. Give l(2).
2
Let v(l) = -l**2 + 3*l + 1. Let x be v(3). Let h be 0 + x - (1 + 1). Let w(a) = -4 - a + 7*a**2 + 0 + 3. Calculate w(h).
7
Let t = -1 - -3. Let k(l) = -l + 1. Let f(d) = -4*d + 3. Let n(m) = -f(m) + 5*k(m). Determine n(t).
0
Let z = -2 + 0. Let h(l) = -10*l - 7. Let w(c) = -3*c - 2. Let d(f) = z*h(f) + 7*w(f). Give d(0).
0
Let z(k) = k**3 + 6*k*